hat is h(p)?
1
Let t(o) = 23*o**2 - 2*o + 64. Let w(h) = -27*h**2 + h - 76. Let a(n) = 7*t(n) + 6*w(n). Let u(i) = i**2 - 9*i + 7. Let v be u(7). Determine a(v).
-1
Let t(c) = 4*c - 4. Let p be t(3). Let a(k) = 3 + 9581*k + 3 - 4 - 7 - 9580*k + 2. What is a(p)?
5
Let w(o) be the third derivative of o**6/120 + 7*o**5/60 + o**4/4 - 2*o**3/3 - 3*o**2. Let y(t) = -t**3 - 5*t**2 + 6*t - 6. Let a be y(-6). Give w(a).
-4
Let r(o) be the first derivative of 2/3*o**3 + 3/2*o**2 + 1/4*o**4 + 22 - 6*o. Let q be r(0). Let l(g) = g**2 + 3*g - 7. What is l(q)?
11
Let m(y) = -2543 + 4952 - y + y**2 - 2484. Give m(0).
-75
Let b(n) = -5*n**3 - 13*n**2 - 14*n + 1. Let j(g) = -4*g**3 - 12*g**2 - 9*g + 2. Let q(z) = -3*b(z) + 4*j(z). What is q(-10)?
45
Suppose 0 = 2*s - 5*a + 21, s + 0*s - 17 = -3*a. Let h(u) = -7*u**2 - s*u - 7*u + 104*u**3 - 103*u**3 + 6. What is h(8)?
-2
Let y(b) be the first derivative of 138 + 1/2*b**2 + 0*b. What is y(0)?
0
Let v(l) = -28*l**3 - 12*l**2 + 17*l - 4. Let b(r) = -6*r**3 + 9 - 6*r**2 + 8*r - 11 - 7*r**3. Let k(o) = 13*b(o) - 6*v(o). Determine k(-6).
-14
Let r be (6 - 33/6)/((-2)/(-8)). Let i(y) = y**2 + 2*y**r + 3*y - 1542 + 1544 + y. Suppose 10 = 3*q - 8*q. Give i(q).
6
Let t(u) = 2475*u**2 - 4*u - 7 - 2482*u**2 + 36 - 2*u + 3*u + u**3. What is t(7)?
8
Let r be 0 + -2 + 1 + (-84)/(-12). Let z(u) = -u**3 - u**2 + 1. Let k be z(-4). Let i(x) = -k*x + 55*x + 0*x**2 - x**2 + 8. Determine i(r).
8
Let k(b) = 0 - 1 + 0*b + 0 + b**3 - b - 5*b**2. Let x = -9 + 11. Suppose x*w - 1 = o, -3*o - 19 = -5*o - 3*w. What is k(o)?
-6
Let x(c) = 82 + 3*c - 206 + 155 - c**2. Calculate x(9).
-23
Let o be (-3)/(-5) - 17/(-5). Let k(m) = -18 - 6*m**2 - o*m**3 + 14 + 3*m**3 + 8*m**2 + 5*m. Determine k(4).
-16
Suppose -2*g - 3*g = 5, -5*u + 3*g = 27. Let b(r) be the third derivative of -r**5/60 - 7*r**4/24 - r**3/3 + 228*r**2 + 3. Determine b(u).
4
Let f(c) = -3*c**3 + 6*c**2 - 5*c + 7. Suppose 0 = -7*q - 80 + 87. Let r(b) = -2*b**3 + b**2 - b + 1. Let z(g) = q*f(g) - 6*r(g). Determine z(-1).
-9
Let a(p) = 10*p**2 - 23*p**2 + 12*p**2 + 4*p**2 + p - 2 + 0. Suppose 4*o + 24 = 4*c, -3*o = -4*c + 18 + 2. Suppose 1 = c*z - 3. Determine a(z).
12
Suppose 32*d - 105 = -25*d + 123. Let g(v) be the third derivative of 0*v - 1/6*v**3 + 0 + 1/24*v**6 - 1/30*v**5 + 1/12*v**d - 7*v**2. What is g(1)?
4
Let d(v) be the third derivative of v**7/60 - v**6/360 + v**5/120 - 22*v**3 - 119*v**2. Let j(i) be the first derivative of d(i). Calculate j(1).
14
Let a(r) = -143*r**2 - 279*r - 211. Let y(z) = 7*z**2 + 14*z + 10. Let f(x) = 2*a(x) + 41*y(x). Calculate f(-16).
-12
Let d be ((-385)/15 - 30/(-18) - 6) + 6. Let r(h) = -6*h - 157. Determine r(d).
-13
Let o(c) = 413*c**2 + 417*c**2 + 25*c + 414*c**2 + 3 + 402*c**2 - 1645*c**2. Give o(-25).
3
Let u(y) = -y**2 + 17*y - 3. Let v = 8543 - 8526. What is u(v)?
-3
Let p(a) = a**3 - 9*a**2 + 8*a - 5. Let q(f) = f**3 + 4*f**2 - 15*f - 10. Let s be q(-6). Calculate p(s).
-5
Let z(j) = -2*j**3 - 51 + j**2 + 3*j**3 - 25 + 75. Suppose 0 = 2*a - 4. Suppose 4*r = -r + 2*w + 2, -r + a*w = -2. Determine z(r).
-1
Let n(c) be the third derivative of c**5/60 + c**4/8 + c**3/6 - 11*c**2. Let x(a) = a**2 - 5*a - 3. Let f be x(6). Let q be ((-2)/f)/(6/18). What is n(q)?
-1
Let r(h) = -h**2 + 5*h. Suppose 7*b - 36 = -2*b. Suppose -b*y - 3 = -11. Suppose 5*i - 4*i = -y*l + 15, -3*l = -2*i - 12. Determine r(l).
-6
Let z(i) = -391*i**2 - 558*i**2 + 952*i**2 - 5*i + 36. What is z(6)?
114
Suppose 2*v - 1157*o - 46 = -1159*o, -52 = -4*v + 4*o. Let s(u) = -4*u**2 + 70*u + 27. Calculate s(v).
-9
Let f(j) = -5*j + 1. Let y(h) = -4*h + 1. Let c(b) = -3*f(b) + 4*y(b). Suppose 180*a + 1300 + 362 = -374*a. Determine c(a).
4
Let z = -4599 + 4601. Let a(s) = s**3 - 4*s**2 + 3*s + 2. Determine a(z).
0
Let i(y) be the first derivative of -1293*y + 15 + 0 + 3*y**2 + 1 + 1292*y. Determine i(2).
11
Suppose -511*w + 507*w = -1240. Let x(b) = 0 - 2 - 312*b**2 + w*b**2 - 5*b - 3. Calculate x(-5).
-30
Let f(o) = -o**3 - 10*o**2 - 8*o - 7. Suppose -4*j = -8*j - 3*g + 17, 0 = j + g - 4. Let y(m) = m**2 + 7*m - 69. Let z be y(j). Give f(z).
-16
Let n(f) = f**2 - 6*f + 5. Let j = -104 - -107. Let y(i) = -j*i + 16 + 51 + 25*i - 12*i. Let p be y(-6). Give n(p).
12
Let m(g) = -5*g - 10. Let u(t) = 7*t**2 - 12*t**2 + 6*t**2 - 5*t + 3. Let f be u(3). What is m(f)?
5
Let n(i) be the third derivative of -i**5/60 + 5*i**3/3 - 2488*i**2. Calculate n(-4).
-6
Let x(t) be the first derivative of -2*t**3/3 + t**2 - 3*t - 5. Let z(s) = 2 + 4*s**2 - s**2 - 3*s**2 + 4*s + 2*s**2. Let w be z(-2). Calculate x(w).
-7
Let f(t) = 8*t + 9. Let o(g) = 300*g + 11400. Let c be o(-38). Give f(c).
9
Let j(p) = 55*p + 490. Let b = -5435 + 5426. What is j(b)?
-5
Let x(i) = -3*i**2 + i + 2. Let v(t) be the first derivative of -t**3/3 + 5*t**2 - 2*t + 49. Let g be v(10). Give x(g).
-12
Let w(j) = j + 19. Let r = -73 - -56. Let i be w(r). Let q(o) = -3 - 5*o + i*o**2 + 16*o**3 - 1 - 15*o**3. Determine q(-3).
2
Let p = -332 + 336. Suppose -p*c = 8*c + 48. Let w(m) = -2 - 2*m**3 - 5*m**2 + m**3 + 7 - 2*m. Determine w(c).
-3
Let j(l) = 3*l + 40. Let k be j(-6). Suppose -k*n + 28 = -16. Let p(z) = 21*z + 1. Determine p(n).
43
Let b(f) = -13*f - 8*f**2 + 248 - 2*f**3 + 249 + f**3 + 253 - 767. Determine b(-5).
-27
Let s(d) = 474 - 5*d - 11*d - 7*d - 481. Calculate s(-6).
131
Let y(a) = -5*a**3 - 5*a**2 - 11*a - 3. Let m(x) = -2*x**3 - 4*x**2 - 8*x - 3. Let q(l) = -3*m(l) + 2*y(l). Determine q(-2).
39
Let y be 9/((-126)/(-4)) - (-18)/(-63). Let h be ((-9)/2)/(1/(-2)). Suppose y = h*l - l - 16. Let q(d) = -d**2 + 3*d - 2. Determine q(l).
0
Let u(w) = 3*w - 226*w**2 - 205*w**2 + 442*w**2. Calculate u(-2).
38
Let f be (-10)/8*(0 - -4). Let r(n) = -n**3 - 4*n**2 + 4*n - 11. Give r(f).
-6
Let r(g) be the second derivative of -g**3/3 - 2*g**2 - 2*g + 68. Suppose -2*p + d + 3 = -4*p, -5*d + 18 = -p. Give r(p).
2
Let j be 104/6 + 2/(-6). Let i(h) be the second derivative of h**4/12 - 17*h**3/6 - h**2/2 + 413*h + 3. What is i(j)?
-1
Let g = 11 + -8. Let b(n) = -315*n + 16. Let w(v) = -1299*v + 65. Let c(z) = -66*b(z) + 16*w(z). Give c(g).
2
Suppose 39*s = 737 - 464. Let j(w) = 2*w - 28. Let f(n) = -n + 14. Let i(u) = 11*f(u) + 6*j(u). Calculate i(s).
-7
Let b = 221920 + -221926. Let p(o) = -4*o**2 + 11*o + 1. Let h(a) = -5*a**2 + 12*a + 2. Suppose 3*v - 17 - 1 = 0. Let x(d) = v*p(d) - 5*h(d). Give x(b).
-4
Let i(t) be the second derivative of 195*t - 6*t**3 - 1/20*t**5 + 0 + 3/2*t**2 - 5/3*t**4. Calculate i(-18).
3
Let s(j) = j**2 + 10*j + 28. Let x be s(-6). Suppose 15 = -5*k - 5*o, k - 9 = 2*k + x*o. Let w(i) = 14*i**2 + i. Determine w(k).
13
Let i(o) = 30*o**2 - 1 + 10*o - 80*o**2 + 23*o**2 + 26*o**2 + 7. Suppose -2 = -3*l + 2*x + 25, 4*l + 4*x = 36. Determine i(l).
15
Let s be -3 + (-8)/(-28) + 19/7. Let x(g) = -285*g + 1 + 283*g + 3*g**2 + s. Give x(3).
22
Let u(o) = o**3 - 6*o**2 + 6*o - 3. Let s = 178 - 170. Suppose 4*x - 8 = 0, l + 2*x = 3*l - s. Calculate u(l).
33
Suppose 4*b = 14*b - 80. Suppose b*d = 6*d + 18. Let m(p) = -3*p + 11. Determine m(d).
-16
Let o(g) = -g**3 + 3*g**2 - g + 3. Let w(n) = -n**2 + 2*n + 3. Let r(v) = 3*v**2 - 5*v - 9. Let l(s) = -6*r(s) - 17*w(s). Let t be l(0). Determine o(t).
0
Let d(w) = -3*w**2 - 22*w - 20. Let g(c) = -4*c**2 - 48*c - 49. Let z be g(-11). Let p(j) = 2*j**2 + 12*j + 10. Let a(m) = z*p(m) - 3*d(m). What is a(8)?
-6
Let q(l) = -5*l - 50. Let v be q(-11). Suppose -3 = 2*x + v*g - 17, -4*g = -4*x. Let y(z) = 14*z - 3. Give y(x).
25
Let o be 6 - ((3 - 6) + (-7)/(-1)). Let w(d) = -3*d**3 - d + 2. Let n(a) = -5*a**3 - 6*a**2 - 11*a + 13. Let l(c) = o*w(c) - n(c). Give l(7).
5
Let d(p) = 2*p - 4. Let y be (-14 - 4/2) + (8 - 3). Let z be y/(-22) + 21/(-6). What is d(z)?
-10
Let b(q) = -q**2 + 18*q + 15. Let u = 5586 + -5567. What is b(u)?
-4
Suppose 6*u - 119 = -11*u + 102. Let y(t) = -t**3 + 12*t**2 + 13*t - 16. What is y(u)?
-16
Let g(t) be the second derivative of -11*t**3/6 + 3*t**2 - 201*t - 8. Give g(5).
-49
Suppose -i = 47 - 51. Let p(c) = i + c - 7 - 1 - 5. What is p(10)?
1
Let j(t) = -3*t**3 + 9*t**2 - 5*t - 8. Let m(w) = 7*w**3 - 20*w**2 + 11*w + 15. Let k(y) = 5*j(y) + 2*m(y). Let o be k(3). Let h(z) = 21*z - 1. Give h(o).
-22
Let t(k) = 17*k**2 - 3*k**2 - 1